{"id":4037,"date":"2019-04-19T14:53:39","date_gmt":"2019-04-19T12:53:39","guid":{"rendered":"http:\/\/urifoon.si\/?post_type=product&#038;p=4037"},"modified":"2021-01-11T15:44:42","modified_gmt":"2021-01-11T14:44:42","slug":"spodnje-hlace-za-deklice-modre-110-116","status":"publish","type":"product","link":"https:\/\/urifoon.tehmed.si\/index.php\/product\/spodnje-hlace-za-deklice-modre-110-116\/","title":{"rendered":"Spodnje hla\u010de za deklice &#8211; modre 110\/116"},"content":{"rendered":"<p>Brez\u010dasen, klasi\u010dni model, z roza obrobo in ljubko pentljo.<\/p>\n<p>Sedaj lahko gre va\u0161a h\u010di varno v \u0161olo. Preobla\u010denje pri uri telovadbe, ne bo ve\u010d problem.<\/p>\n<p>Nobeden ne bo opazil, da nosi spodnje perilo s skrivnostjo. Cena na komad.<\/p>\n<p>&nbsp;<\/p>\n<p><strong>Vpojnost<\/strong><\/p>\n<p>Vpojnost je pribli\u017eno 75 ml v 4 urnem obdobju. Zato je zelo primerno za zbiranje kapljic<\/p>\n<p>ali curkov (urin in \/ ali teko\u010de blato).<\/p>\n<p>&nbsp;<\/p>\n<p><strong>Material<\/strong><\/p>\n<p>95% bomba\u017e, 5% elastan<\/p>\n<p><img decoding=\"async\" loading=\"lazy\" class=\"alignnone size-full wp-image-3406\" src=\"http:\/\/urifoon.si\/wp-content\/uploads\/2018\/04\/IKONE.gif\" alt=\"\" width=\"151\" height=\"33\" \/><\/p>\n<p><strong>Velikosti:<\/strong><\/p>\n<p>110\/116 (6 let)<\/p>\n","protected":false},"excerpt":{"rendered":"<p>Brez\u010dasen, klasi\u010dni model, z roza obrobo in ljubko pentljo. Sedaj lahko gre va\u0161a h\u010di varno v \u0161olo. Preobla\u010denje pri uri telovadbe, ne bo ve\u010d problem. Nobeden ne bo opazil, da nosi spodnje perilo s skrivnostjo. Cena na komad. &nbsp; Vpojnost Vpojnost je pribli\u017eno 75 ml v 4 urnem obdobju. Zato je zelo primerno za zbiranje &#8230; <a class=\"more-link\" href=\"https:\/\/urifoon.tehmed.si\/index.php\/product\/spodnje-hlace-za-deklice-modre-110-116\/\">Continue reading<\/a><\/p>\n","protected":false},"featured_media":3394,"comment_status":"open","ping_status":"closed","template":"","meta":[],"product_cat":[79,59,63],"product_tag":[],"_links":{"self":[{"href":"https:\/\/urifoon.tehmed.si\/index.php\/wp-json\/wp\/v2\/product\/4037"}],"collection":[{"href":"https:\/\/urifoon.tehmed.si\/index.php\/wp-json\/wp\/v2\/product"}],"about":[{"href":"https:\/\/urifoon.tehmed.si\/index.php\/wp-json\/wp\/v2\/types\/product"}],"replies":[{"embeddable":true,"href":"https:\/\/urifoon.tehmed.si\/index.php\/wp-json\/wp\/v2\/comments?post=4037"}],"wp:featuredmedia":[{"embeddable":true,"href":"https:\/\/urifoon.tehmed.si\/index.php\/wp-json\/wp\/v2\/media\/3394"}],"wp:attachment":[{"href":"https:\/\/urifoon.tehmed.si\/index.php\/wp-json\/wp\/v2\/media?parent=4037"}],"wp:term":[{"taxonomy":"product_cat","embeddable":true,"href":"https:\/\/urifoon.tehmed.si\/index.php\/wp-json\/wp\/v2\/product_cat?post=4037"},{"taxonomy":"product_tag","embeddable":true,"href":"https:\/\/urifoon.tehmed.si\/index.php\/wp-json\/wp\/v2\/product_tag?post=4037"}],"curies":[{"name":"wp","href":"https:\/\/api.w.org\/{rel}","templated":true}]}}