{"id":3810,"date":"2018-08-09T12:32:14","date_gmt":"2018-08-09T10:32:14","guid":{"rendered":"http:\/\/urifoon.si\/?post_type=product&#038;p=3810"},"modified":"2022-04-07T11:07:18","modified_gmt":"2022-04-07T09:07:18","slug":"spodnje-hlace-s-senzorjem-za-deklice","status":"publish","type":"product","link":"https:\/\/urifoon.tehmed.si\/index.php\/product\/spodnje-hlace-s-senzorjem-za-deklice\/","title":{"rendered":"Spodnje hla\u010de s senzorjem za deklice"},"content":{"rendered":"<p>Spodnje hla\u010de s senzorjem so videti kot obi\u010dajne spodnje hla\u010de. Vendar pa je v njih dodan poseben senzor za zaznavanje urina. Na zgornjem robu spodnjih hla\u010d s senzorjem sta pritrjena tudi dva potisna gumba, kjer se lahko priklju\u010di oddajnik za brez\u017ei\u010dno povezavo z alarmom kot opozorilom.<\/p>\n<p>&nbsp;<\/p>\n<p>Urifoon-ove spodnje hla\u010de s senzorjem so na voljo v velikosti 104 &#8211; 110, 116 &#8211; 128, 134 &#8211; 157, 164 &#8211; 176.<\/p>\n<p>&nbsp;<\/p>\n<p>Seveda je model hla\u010d za deklice in fante druga\u010den.<\/p>\n<p>&nbsp;<\/p>\n<p>Opremljene so z navodili za pranje.<\/p>\n","protected":false},"excerpt":{"rendered":"<p>Spodnje hla\u010de s senzorjem so videti kot obi\u010dajne spodnje hla\u010de. Vendar pa je v njih dodan poseben senzor za zaznavanje urina. Na zgornjem robu spodnjih hla\u010d s senzorjem sta pritrjena tudi dva potisna gumba, kjer se lahko priklju\u010di oddajnik za brez\u017ei\u010dno povezavo z alarmom kot opozorilom. &nbsp; Urifoon-ove spodnje hla\u010de s senzorjem so na voljo &#8230; <a class=\"more-link\" href=\"https:\/\/urifoon.tehmed.si\/index.php\/product\/spodnje-hlace-s-senzorjem-za-deklice\/\">Continue reading<\/a><\/p>\n","protected":false},"featured_media":3476,"comment_status":"open","ping_status":"closed","template":"","meta":[],"product_cat":[60,78,76],"product_tag":[],"_links":{"self":[{"href":"https:\/\/urifoon.tehmed.si\/index.php\/wp-json\/wp\/v2\/product\/3810"}],"collection":[{"href":"https:\/\/urifoon.tehmed.si\/index.php\/wp-json\/wp\/v2\/product"}],"about":[{"href":"https:\/\/urifoon.tehmed.si\/index.php\/wp-json\/wp\/v2\/types\/product"}],"replies":[{"embeddable":true,"href":"https:\/\/urifoon.tehmed.si\/index.php\/wp-json\/wp\/v2\/comments?post=3810"}],"wp:featuredmedia":[{"embeddable":true,"href":"https:\/\/urifoon.tehmed.si\/index.php\/wp-json\/wp\/v2\/media\/3476"}],"wp:attachment":[{"href":"https:\/\/urifoon.tehmed.si\/index.php\/wp-json\/wp\/v2\/media?parent=3810"}],"wp:term":[{"taxonomy":"product_cat","embeddable":true,"href":"https:\/\/urifoon.tehmed.si\/index.php\/wp-json\/wp\/v2\/product_cat?post=3810"},{"taxonomy":"product_tag","embeddable":true,"href":"https:\/\/urifoon.tehmed.si\/index.php\/wp-json\/wp\/v2\/product_tag?post=3810"}],"curies":[{"name":"wp","href":"https:\/\/api.w.org\/{rel}","templated":true}]}}